s m(76)?
76
Let j(q) = -1142*q + 21740. What is j(19)?
42
Let k(o) = 415*o**2 - 1144*o + 13. Give k(3).
316
Let u(t) = -7400*t - 16922. Determine u(-2).
-2122
Let b(j) = -2*j**3 - 1595*j**2 + 39441*j - 224. Calculate b(24).
-8
Let t(f) = 2*f**3 + 29*f**2 + 1307*f + 19746. Determine t(-15).
-84
Let v(q) = 5*q**2 + 602*q + 9375. What is v(-102)?
-9
Let b(l) = 48174*l + 240884. What is b(-5)?
14
Let s(c) = 2*c**2 + 71*c + 566. Give s(-8).
126
Let x(y) = 8669*y + 104026. Calculate x(-12).
-2
Let c(i) = 233862*i - 8419012. Give c(36).
20
Let y(u) = 20*u**2 - 26*u - 89. Give y(-8).
1399
Let w(y) = 506*y - 310210. Give w(613).
-32
Let w(k) = -1148*k + 154020. Determine w(134).
188
Let f(r) = -2*r**3 - 76*r**2 - 147*r - 116. Determine f(-36).
-8
Let f(l) = 2274*l + 852732. Calculate f(-375).
-18
Let h(a) = -a**2 - 159*a - 1345. Determine h(-156).
-877
Let m(k) = -369*k**2 - 2535*k - 3451. Give m(-5).
-1
Let u(g) = -86303*g - 8198788. Give u(-95).
-3
Let w(s) = 1313*s + 38474. What is w(-31)?
-2229
Let n(c) = 4*c**3 - 82*c**2 - 9*c + 403. Calculate n(19).
-1934
Let a(b) = -b**3 - 7*b**2 + 73*b - 9. What is a(14)?
-3103
Let g(k) = -19183*k - 38386. What is g(-2)?
-20
Let w(f) = 7*f**2 + 167*f - 1702. What is w(8)?
82
Let f(x) = -14*x**2 + 2105*x + 17718. Give f(-8).
-18
Let b(z) = 48936*z + 7438299. Calculate b(-152).
27
Let k(n) = -166*n**3 - 8*n - 10. Give k(-2).
1334
Let x(o) = 5*o**2 - 146*o - 77. What is x(26)?
-493
Let z(o) = 25*o**2 - 7208*o + 2258. Determine z(288).
-46
Let u(g) = 15*g**2 + 23*g - 15. Determine u(2).
91
Let w(c) = -9*c**2 - 53*c - 276. Determine w(-4).
-208
Let m(v) = -209*v + 16405. Calculate m(80).
-315
Let d(i) = -4318*i + 90671. What is d(21)?
-7
Let j(z) = -732*z - 18482. Calculate j(-25).
-182
Let t(y) = -y**3 - 102*y**2 - 92*y + 1232. Determine t(-101).
323
Let s(r) = 276*r + 21821. Calculate s(-80).
-259
Let u(h) = -h**3 + 168*h**2 + 194*h - 4196. Give u(169).
29
Let y(h) = -71140*h - 28527132. Determine y(-401).
8
Let m(f) = -571255*f + 2285018. Give m(4).
-2
Let r(h) = -9*h**2 + 1379*h + 1398. Determine r(155).
-1082
Let s(g) = -58*g**2 - 199*g + 6. Give s(-4).
-126
Let t(u) = -38*u**2 + 297*u + 153. Determine t(9).
-252
Let y(c) = -479*c + 38778. What is y(81)?
-21
Let o(i) = 44396*i - 221942. Calculate o(5).
38
Let b(o) = -2*o**3 + 251*o**2 - 620*o + 296. What is b(123)?
-319
Let k(h) = -55*h**2 - 3443*h + 51146. Give k(-75).
-4
Let b(h) = -h**3 + 155*h**2 - 4811*h - 695. What is b(112)?
-135
Let t(d) = 529114*d + 5291138. Determine t(-10).
-2
Let w(o) = -266*o - 26649. Calculate w(-101).
217
Let a(w) = 1260*w - 133960. What is a(106)?
-400
Let s(n) = 60*n**2 + 7940*n - 5327. Calculate s(-133).
-7
Let s(r) = 1212*r + 15564. Give s(-14).
-1404
Let w(n) = 2*n**3 + 168*n**2 - 964*n - 67630. What is w(-85)?
-140
Let c(g) = -939*g + 111731. Give c(119).
-10
Let p(s) = 11*s**2 - 1894*s + 12718. What is p(7)?
-1
Let f(i) = -553*i - 3608. Determine f(-5).
-843
Let v(h) = -57*h**3 + 3*h**2 - 470*h - 956. Calculate v(-2).
452
Let w(x) = 27*x**2 + 940*x + 31. Determine w(-36).
1183
Let v(b) = 63*b + 653. Determine v(-17).
-418
Let l(u) = u**3 - 93*u**2 + 1789*u - 154. Determine l(66).
308
Let x(i) = -11*i**2 + 3763*i - 7517. Determine x(2).
-35
Let s(k) = 14*k**3 - 1260*k**2 - 3*k + 63. Calculate s(90).
-207
Let z(r) = r**2 - 84201*r + 505167. What is z(6)?
-3
Let k(t) = 24*t**3 - 1243*t**2 - 258*t - 106. Give k(52).
-2
Let j(w) = 5813*w + 656871. Give j(-113).
2
Let c(u) = -u**3 + 4*u**2 + 1301*u - 19818. Determine c(21).
6
Let z(d) = 63*d - 1011. Calculate z(27).
690
Let p(z) = -7*z**3 + 99*z**2 + 40*z - 749. Calculate p(14).
7
Let x(i) = -300814*i + 6016282. Determine x(20).
2
Let x(q) = -3*q**3 - 606*q**2 + 8396*q - 146. Give x(13).
-3
Let g(h) = -1005*h + 594592. What is g(592)?
-368
Let r(i) = -4593*i**2 - 105632*i + 188. Determine r(-23).
27
Let l(m) = m**3 + 251*m**2 - 212*m + 10037. Determine l(-252).
-43
Let g(o) = -1060*o - 4874. What is g(-5)?
426
Let r(x) = 30608*x + 245094. Determine r(-8).
230
Let v(b) = -b**3 - 52*b**2 - 101*b + 158. Calculate v(-50).
208
Let j(x) = -8*x**3 + 2242*x**2 - 545*x - 4202. Calculate j(280).
-2
Let r(c) = 2*c**3 - 116*c**2 - 1226*c - 142. What is r(-10)?
-1482
Let z(m) = -9*m**2 - 456*m - 1088. What is z(-48)?
64
Let b(r) = 12*r**3 + 10*r**2 + 234*r - 1546. Determine b(6).
2810
Let x(n) = -48*n + 2202. What is x(51)?
-246
Let j(z) = z**3 + 131*z**2 + 271*z + 1781. Calculate j(-129).
104
Let z(s) = 466*s + 62399. Give z(-134).
-45
Let r(n) = -n**3 + 48*n**2 - 504*n + 174. Determine r(24).
1902
Let j(n) = -n**3 - 144*n**2 + 1131*n - 509. What is j(7)?
9
Let x(o) = -o**3 - 98*o**2 - 274*o + 1131. Calculate x(-95).
86
Let v(t) = -t**2 + 1070*t - 29059. Determine v(28).
117
Let i(t) = t**3 + 14*t**2 + 38*t + 179. Determine i(-12).
11
Let l(f) = 2*f**3 + 680*f**2 - 728*f - 15657. Calculate l(-341).
29
Let i(h) = 1711*h - 177937. Calculate i(104).
7
Let f(v) = -1509*v + 72432. What is f(48)?
0
Let a(p) = -109*p**3 + 543*p**2 + 22*p + 10. Give a(5).
70
Let l(b) = 3*b**3 - 2*b**2 + 63*b + 666. Calculate l(0).
666
Let o(d) = d**3 + 166*d**2 + 6457*d - 2013. What is o(-63)?
3
Let k(a) = 1356*a - 117975. Calculate k(87).
-3
Let d(g) = 21412*g - 214119. Calculate d(10).
1
Let c(q) = 8*q**3 + 1811*q**2 - 1133*q + 453. Determine c(-227).
-1
Let p(w) = -w**3 + 427*w**2 + 26*w - 11052. Determine p(427).
50
Let c(s) = -3*s**3 + 13*s**2 + 155*s - 1360. Calculate c(10).
-1510
Let a(n) = -2449*n + 124722. Calculate a(51).
-177
Let m(g) = -248*g**2 - 926*g + 2. Calculate m(-4).
-262
Let m(p) = 6746*p**2 - 6725*p + 1. Calculate m(1).
22
Let v(t) = -414*t - 1279. Give v(-2).
-451
Let j(s) = s**3 + 20*s**2 + 16*s - 358. What is j(-19)?
-301
Let r(c) = 5*c**2 + 5*c - 111. Give r(-16).
1089
Let u(v) = -v**2 + 271*v - 3890. What is u(15)?
-50
Let r(m) = 101*m + 5206. Calculate r(-52).
-46
Let q(w) = -72*w**2 + 256*w - 511. Calculate q(2).
-287
Let l(x) = x**3 - 590*x**2 - 1845*x + 39136. Determine l(593).
-2
Let c(x) = -4*x**2 - 15979*x - 2775682. What is c(-182)?
0
Let z(q) = 13783*q + 1102657. Determine z(-80).
17
Let n(z) = -6308*z - 145094. What is n(-23)?
-10
Let x(m) = 3*m**2 - 394*m + 973. Determine x(121).
-2778
Let g(m) = 18348*m - 110069. Determine g(6).
19
Let k(x) = -x**2 - 2047*x - 161166. Calculate k(-82).
-36
Let x(i) = 4305*i + 73152. Give x(-17).
-33
Let i(d) = -4679*d + 2124254. Calculate i(454).
-12
Let o(j) = j**3 - 293*j**2 - 519*j - 20821. Give o(295).
124
Let k(o) = -33*o**3 + o**2 + 21*o + 67. Determine k(-3).
904
Let q(p) = -4*p**3 - 105*p**2 + 2705*p - 7. What is q(16)?
9
Let p(b) = 479*b - 39627. Determine p(83).
130
Let d(c) = 1344*c - 52689. Give d(39).
-273
Let q(p) = p**3 - 52*p**2 + 545*p - 1104. Determine q(16).
-1600
Let c(v) = -v**2 + 3193*v - 421609. Determine c(138).
-19
Let d(u) = 87*u**3 + 1043*u**2 + 12*u + 12. Calculate d(-12).
-276
Let n(x) = 2599*x - 54518. Calculate n(21).
61
Let h(z) = -2860*z + 143007. Give h(50).
7
Let r(n) = -3*n**2 + 3945*n - 207872. What is r(55)?
28
Let j(a) = a**3 + 17*a**2 + 82*a + 3830. What is j(-21)?
344
Let l(v) = -11*v**2 - 29*v + 813. Determine l(-10).
3
Let h(t) = -14*t**2 + 634*t - 3923. Determine h(38).
-47
Let z(l) = -196*l**2 + 8822*l - 35. Give z(45).
55
Let c(d) = 268*d - 16429. Calculate c(62).
187
Let c(w) = w**3 - 40*w - 47. What is c(8)?
145
Let m(t) = -14*t**2 + 49076*t - 196087. Give m(4).
-7
Let i(l) = -6502*l - 1267896. Give i(-195).
-6
Let l(k) = 4*k**2 - 999*k - 5620. What is l(255)?
-265
Let b(v) = 4*v**2 - 22*v - 137. Give b(-5).
73
Let n(s) = s**2 - 46*s + 489. What is n(16)?
9
Let j(y) = -y**2 + 761*y - 88445. Calculate j(143).
-71
Let v(r) = -r**2 + 18422*r + 2430428. Determine v(-131).
-15
Let d(h) = h**2 - 9096*h + 99970. Give d(11).
35
Let c(j) = -j**3 + 15*j**2 + 67*j - 604. Calculate c(17).
-43
Let t(c) = 55163*c - 1544539. What is t(28)?
25
Let u(i) = 2*i**3 + 19*i**2 + 40*i + 184. Determine u(-8).
56
Let j(k) = -470*k**2 + 4534*k + 4531. Give j(-1).
-473
Let o(g) = -g**3 + 26*g**2 + 355*g - 62. Determine o(-10).
-12
Let v(h) = 3*h**2 - 655*h + 19772. What is v(36)?
80
Let x(p) = 11060*p + 431328. Give x(-39).
-12
Let d(j) = 6996*j**2 + 2252709*j - 970. Determine d(-322).
-4
Let f(l) = -3*l**2 - 25353*l -